. Let f = n + -27. Calculate the highest common factor of 20 and f.
4
Let r = 1620 - 1521. What is the greatest common factor of 4059 and r?
99
Let h(i) = -i**3 - 5*i**2 - 2*i - 6. Let t be ((-2)/4 - 92/8) + 3. Let g be h(t). What is the greatest common divisor of g and 42?
42
Let m be 10 - (5 + 3/(-1)). Let j be m/2 + -1 + 0. Suppose 0 = -j*q + 5*q - 42. What is the greatest common factor of 147 and q?
21
Let m = 1174 + -1159. Calculate the greatest common factor of 87 and m.
3
Let t(f) = 19*f - 57. Let c be t(5). Calculate the greatest common divisor of c and 437.
19
Let z be 27/(-6)*(-2 + (-10)/(-15)). Let y be ((-8)/(-5))/((-2)/(-15)). Calculate the highest common factor of z and y.
6
Suppose 4*r + 536 = 2*r. Let n = -178 - r. Let x = 4188 - 4152. Calculate the highest common divisor of n and x.
18
Let c = 1311 - 992. Calculate the highest common divisor of 11 and c.
11
Suppose -650*u = -645*u - 3325. What is the highest common divisor of u and 35?
35
Let h be 1116/(-3 - 63/(-14)). Calculate the highest common divisor of h and 31.
31
Suppose p - 8*p = -336. Suppose 34 = 3*h - h. Suppose 5*s = h + 43. What is the highest common factor of s and p?
12
Suppose -4*j + 252 = 5*p, -p - 5*j = -3*p + 114. Let o = -99 - 12. Let v = o - -189. What is the highest common divisor of p and v?
26
Let s(q) = -q - 12. Let d be s(0). Let y = d + 25. Calculate the greatest common factor of y and 104.
13
Let s be (-20 - -12)/(4/(-36)). Let l(k) = k**3 - 7*k**2 + 9*k. Let z be l(6). Calculate the greatest common factor of s and z.
18
Let u = 5 + -5. Suppose u = -5*i + i + 1508. Suppose i + 393 = 5*y. Calculate the greatest common divisor of 22 and y.
22
Suppose 5*m + 5 = -4*t, -t + 50 = 4*t - 5*m. Let v(w) = -w + 30. Let l be v(-10). What is the greatest common divisor of l and t?
5
Let p = 0 - -6. Suppose 4*k + 0 = -z - p, 4*z = 5*k - 3. Let t be z/5 - 2166/(-15). What is the highest common divisor of 16 and t?
16
Let a = 16 - 11. Suppose -a*b = 5*h - 745, -h - 139 = 2*b - 3*b. Let x = -13 - -29. Calculate the highest common factor of b and x.
16
Let r = 501 + -325. Let z be 16 - (-3)/(-9)*(4 - 4). What is the highest common factor of z and r?
16
Let g(w) = 71*w - 3. Let f be g(2). Let y be f/4 + 4*(-5)/(-80). What is the greatest common factor of 175 and y?
35
Let f be -2 + 109 + 3 + -2. Let h be 395/2 - (-35)/(-14). Let w = h - 183. Calculate the greatest common factor of w and f.
12
Suppose 20*s + 43 = 243. What is the greatest common factor of s and 80?
10
Suppose q - 64 = -q. Let z be (40/(-50))/(-1*(-1)/55). Let c = z + 52. What is the highest common factor of q and c?
8
Suppose -5*a + b = -4*b - 65, -5*b + 3 = -a. Calculate the highest common factor of 221 and a.
17
Suppose -418 = -491*g + 490*g. What is the highest common factor of 22 and g?
22
Let r(v) = 6*v + 2. Let j be r(1). Suppose 17 = j*o - 71. What is the highest common factor of o and 1?
1
Let p be ((-72)/(-60))/(2/10). Let t = 11 - p. Calculate the greatest common divisor of t and 20.
5
Suppose 4*m - 2*u - 66 = 0, u = -2*m + 6 + 29. Suppose -2*l + m = -65. Suppose 1 = -4*y + l. Calculate the greatest common divisor of y and 70.
10
Let p be (-16)/(8/(-2)) - -2. Let d be (-6 - p)/(2*-1). What is the highest common divisor of d and 54?
6
Suppose -817*m = -818*m + 532. Calculate the highest common factor of m and 84.
28
Let b(y) = -y**3 - 34*y**2 - 37*y - 78. Let l be b(-33). What is the greatest common divisor of l and 6?
6
Suppose t - 461 = -150. Let u = t + -157. Calculate the greatest common factor of u and 14.
14
Let t(p) = 0 + 5*p + 15*p**2 - 14*p**2 + 3. Suppose f = 3*f + 5*r + 30, -2*f + 2*r - 2 = 0. Let w be t(f). What is the greatest common factor of 12 and w?
3
Let a(s) = 0*s + 5*s + 18*s - 6*s - s**3 - 16*s**2 + 4. Let r be a(-17). What is the greatest common divisor of r and 2?
2
Suppose 7*z - 75 = 366. What is the greatest common factor of 147 and z?
21
Let m be (-12)/42 - (-10336)/14. What is the highest common divisor of m and 18?
18
Suppose 43*r - 6422 - 5317 = 0. Calculate the highest common divisor of r and 21.
21
Let u be ((-6)/(-8))/((-1)/(-8)*2). Suppose 2*t = u*t + 2*d - 17, d - 58 = -5*t. Calculate the greatest common factor of 99 and t.
11
Let t = -1327 + 1447. What is the greatest common factor of 75 and t?
15
Suppose -4*f = -5*n - 140, -45 = 2*n + f + 11. Let r be n/(-21) + 70/6. Let t = r - -11. What is the highest common factor of t and 60?
12
Suppose -11*f = -13 + 2. Let m = -23 + 20. Let n(x) = x**3 + 3*x**2 - 3*x + 2. Let z be n(m). Calculate the greatest common factor of z and f.
1
Let z(g) = g**3 + g**2 - g - 2. Let l be z(2). Let j be 2/4 - 92/l. Let q = j + 53. What is the greatest common divisor of 6 and q?
6
Let k(f) = -f**3 - 9*f**2 - f - 8. Let i be k(-9). Let n be 31 - 1/1*i. Suppose 5*v - 17 = 43. Calculate the greatest common factor of v and n.
6
Let d(m) = 38*m + 27. Let s be d(10). What is the highest common factor of 37 and s?
37
Let y(x) = -2*x - 4. Let s be y(-14). What is the highest common factor of 7 and s?
1
Let n(j) = 2*j**3 - 4*j**2 - 3. Let k be n(3). Suppose -2*v = l - k, 4*v + 70 = l + l. Let s = -21 + l. Calculate the greatest common divisor of s and 36.
4
Let z(a) = 72*a - 1. Let m be z(1). Suppose d + m = 79. What is the greatest common divisor of d and 20?
4
Let n be -1*((-1 - -4) + (-31 - 10)). What is the greatest common factor of 4 and n?
2
Let l = 849 + -475. Calculate the highest common factor of 102 and l.
34
Suppose -2*o - 2*v + 332 = 326, 4*v = 2*o - 36. Let j = 11 - -13. Calculate the highest common divisor of j and o.
8
Let r = 59 - 7. Suppose 5*a - 93 = r. Let o = a + -16. What is the highest common divisor of 117 and o?
13
Suppose -11 + 60 = 2*l - s, -5*s + 91 = 4*l. Calculate the greatest common factor of 1464 and l.
24
Let m(k) = 354*k + 30. Let o be m(1). What is the greatest common divisor of o and 96?
96
Let d(o) = -2*o**2 - 19*o - 25. Let c be d(-13). Let t = c - -172. Calculate the highest common divisor of t and 7.
7
Let s(d) = 4*d**2 - 8*d + 14. Let k be s(6). Suppose 4*t - 2*v - 36 = 0, 8*t + v - 42 = 4*t. What is the greatest common factor of k and t?
10
Suppose 2*d - 16*n + 18*n - 26 = 0, 0 = -d - 4*n + 16. Calculate the greatest common factor of 2076 and d.
12
Suppose -5*x + 960 = 19*x. What is the greatest common factor of x and 360?
40
Suppose r = 4*q - 0*r, -2*q + 5*r = 0. Suppose q = l - t - 0*t + 27, 2*t + 86 = -3*l. Let k be -1 + 0 - 2 - l. What is the highest common factor of 50 and k?
25
Suppose 32*m - 10846 = -24*m - 1382. Let y be 2/(-7) + (-186)/(-14). Calculate the highest common factor of m and y.
13
Let x be ((-950)/285)/(-1*2/246). What is the highest common factor of x and 574?
82
Let q(a) = 5*a**2 + a - 3. Let f be q(-2). Suppose 0 = 7*v - 64 + f. What is the greatest common divisor of v and 7?
7
Let l = 11 - 11. Suppose l*o = 2*o - 6. Suppose -3*r + 50 = -r - 5*m, r - 27 = o*m. Calculate the greatest common divisor of r and 3.
3
Suppose 67*d - 69*d = -40. Calculate the greatest common divisor of d and 28.
4
Suppose -105 = 8*m - 13*m. Calculate the greatest common divisor of 3 and m.
3
Suppose -9*c = -5*c - 24. Let x be 19*(-15)/c*-2. Suppose -3*q + 30 + 27 = 0. Calculate the greatest common divisor of q and x.
19
Let z(o) = o**3 - 10*o**2 + 20*o + 10. Let s be z(7). Suppose -5*m + 10*m - 597 = -s*c, 2*m + 3*c = 237. Calculate the greatest common divisor of 15 and m.
15
Let o = 23 - 15. Suppose 106*j = -33*j + 2224. What is the highest common factor of o and j?
8
Suppose -12*b + 2040 = -8*b. Calculate the highest common divisor of b and 15.
15
Suppose a + 5 = 3*z - 2, 0 = 4*a - 3*z - 8. Let n = -24 - -50. Let t = 9 + n. What is the highest common divisor of a and t?
5
Let x = 187 - 174. Let q(u) = 16*u**2 + 1. Let d be q(2). Calculate the highest common factor of d and x.
13
Let t(r) = -r - 8. Let v be t(-8). Suppose v = 4*i - 56. Let q = -8 - -36. Calculate the greatest common factor of i and q.
14
Let g be 33/((-3910)/1970 + 2). Calculate the greatest common factor of g and 11.
11
Let v(z) = 2*z**2 - 8*z + 12. Let g be v(-7). Let q be 9/((-135)/(-6)) - g/(-10). Calculate the greatest common divisor of 187 and q.
17
Let l = 27 + -19. Let p = 86 + -62. Calculate the highest common divisor o